{"id":369,"date":"2019-05-05T17:14:24","date_gmt":"2019-05-05T15:14:24","guid":{"rendered":"http:\/\/wggselb.itsmoodoo.com\/?page_id=369"},"modified":"2026-02-05T13:46:23","modified_gmt":"2026-02-05T12:46:23","slug":"elternbeirat","status":"publish","type":"page","link":"https:\/\/www.wggselb.de\/wp\/unsere-schule\/elternbeirat\/","title":{"rendered":"Elternbeirat"},"content":{"rendered":"\n<p>Der Elternbeirat ist die Vertretung der Gesamtheit der Erziehungsberechtigten sowie der Eltern vollj\u00e4hriger Sch\u00fcler.<\/p>\n\n\n\n<p>Die Aufgaben des Elternbeirats bestehen in der Erf\u00fcllung der Informations- und Beratungspflicht gegen\u00fcber den Eltern und der Wahrnehmung der Mitwirkungsrechte am Schulgeschehen, um das Klima zwischen Eltern und Schule zu f\u00f6rdern.<\/p>\n\n\n\n<p>Sie erreichen den Elternbeirat unter der Email-Adresse <a href=\"mailto:elternbeirat@wggselb.de\">elternbeirat@wggselb.de<\/a>.<\/p>\n\n\n\n<p>Das WGG ist Mitglied bei der Landes-Eltern-Vereinigung (LEV) der Gymnasien in Bayern. Wir laden Sie herzlich ein, deren Homepage zu besuchen: <a href=\"https:\/\/www.lev-gym-bayern.de\">https:\/\/www.lev-gym-bayern.de<\/a><\/p>\n\n\n\n<h2 class=\"wp-block-heading\">Mitglieder des Elternbeirats<\/h2>\n\n\n\n<p>Die Mitglieder des Elternbeirats haben sich die einzelnen Jahrgangsstufen aufgeteilt, so dass Sie anhand der Tabelle die jeweiligen Ansprechpartner herausfinden k\u00f6nnen.<\/p>\n\n\n\n<figure class=\"wp-block-table is-style-stripes\"><table><tbody><tr><td><strong>Name<\/strong><\/td><td><strong>Kontakt<\/strong><\/td><td><strong>Foto<\/strong><\/td><\/tr><tr><td>Dr. Sabine <strong>Kob<\/strong><br><em>1. Vorsitzende<br>Vertreterin Schulforum<\/em><br><em>5. und 7. Jahrgangsstufe<\/em><\/td><td>Zeppelinstr. 47<br>95100 Selb<br>09287\/9199656<br>0175\/3350610<br><a href=\"mailto:skob@musarion.com\">skob@musarion.com<\/a><\/td><td><img loading=\"lazy\" decoding=\"async\" width=\"100\" height=\"125\" class=\"wp-image-5852\" style=\"width: 100px;\" src=\"https:\/\/www.wggselb.de\/wp\/wp-content\/uploads\/2024\/11\/elternbeirat-kob.jpg\" alt=\"\"><\/td><\/tr><tr><td>Angela <strong>Nendza<\/strong><br><em>2. Vorsitzende<br>5., 7., 8., 11. Jahrgangsstufe<\/em><\/td><td>Teichweg 23<br>95100 Selb<br>0160\/7520848<br><a href=\"mailto:angela_nendza@gmx.de\">angela_nendza@gmx.de<\/a><\/td><td><img loading=\"lazy\" decoding=\"async\" width=\"100\" height=\"152\" class=\"wp-image-5854\" style=\"width: 100px;\" src=\"https:\/\/www.wggselb.de\/wp\/wp-content\/uploads\/2024\/11\/elternbeirat-nendza.jpg\" alt=\"\"><\/td><\/tr><tr><td>Marlene <strong>Bachmann<\/strong><br>6<em>. Jahrgangsstufe<\/em><\/td><td>H\u00e4usellohweg 27<br>95100 Selb<br>09287\/9528120<br><a href=\"mailto:marleneschoedel@web.de\">marleneschoedel@web.de<\/a><\/td><td><img loading=\"lazy\" decoding=\"async\" width=\"100\" height=\"117\" class=\"wp-image-5851\" style=\"width: 100px;\" src=\"https:\/\/www.wggselb.de\/wp\/wp-content\/uploads\/2024\/11\/elternbeirat-bachmann.jpg\" alt=\"\"><\/td><\/tr><tr><td>Sandra <strong>K\u00f6rber<\/strong><br><em>10., 12. Jahrgangsstufe<\/em><\/td><td>Schneebergstr. 17<br>95173 Sch\u00f6nwald<br>0171\/3104454<br><a href=\"mailto:sandra.koerber@icloud.com\">sandra.koerber@icloud.com<\/a><\/td><td><img loading=\"lazy\" decoding=\"async\" width=\"100\" height=\"117\" class=\"wp-image-5853\" style=\"width: 100px;\" src=\"https:\/\/www.wggselb.de\/wp\/wp-content\/uploads\/2024\/11\/elternbeirat-koeber.jpg\" alt=\"\"><\/td><\/tr><tr><td>Lenka <strong>Krizova<\/strong><br><em>10. Jahrgangsstufe<\/em><\/td><td>Reuthbergsiedlung 15<br>95100 Selb<br>09637\/92789<br>+420603252087<br><a href=\"mailto:ing.lenka@seznam.cz\">ing.lenka@seznam.cz<\/a><\/td><td><img loading=\"lazy\" decoding=\"async\" width=\"100\" height=\"120\" class=\"wp-image-5899\" style=\"width: 100px;\" src=\"https:\/\/www.wggselb.de\/wp\/wp-content\/uploads\/2025\/01\/elternbeirat-krizova.jpg\" alt=\"\"><\/td><\/tr><tr><td>Matthias <strong>M\u00fcller<\/strong><br><em>Vertreter Schulforum<br>9., 11., 12. Jahrgangsstufe<\/em><\/td><td>F\u00f6rsterstra\u00dfe 48<br>95100 Selb<br>0170\/2325960<br><a href=\"mailto:matthias-mueller@bnhof.de\">matthias-mueller@bnhof.de<\/a><\/td><td><img loading=\"lazy\" decoding=\"async\" width=\"100\" height=\"122\" class=\"wp-image-4323\" style=\"width: 100px;\" src=\"https:\/\/www.wggselb.de\/wp\/wp-content\/uploads\/2023\/01\/elternbeirat-mueller.jpg\" alt=\"\"><\/td><\/tr><tr><td>Dr. Roman <strong>Pausch<\/strong><br><em>9. Jahrgangsstufe<\/em><\/td><td>F\u00f6rsterstr. 30a<br>95100 Selb<br>09287\/889912<br><a href=\"mailto:roman.pausch@me.com\">roman.pausch@me.com<\/a><\/td><td><img loading=\"lazy\" decoding=\"async\" width=\"100\" height=\"151\" class=\"wp-image-803\" style=\"width: 100px;\" src=\"https:\/\/www.wggselb.de\/wp\/wp-content\/uploads\/2019\/08\/elternbeirat-pausch.jpg\" alt=\"\"><\/td><\/tr><tr><td>Prof. Dr. Thomas <strong>R\u00f6del<\/strong><br><em>6., 9. und 13. Jahrgangsstufe<\/em><\/td><td>Vogtlandstra\u00dfe 29<br>95111 Rehau<br>0179\/8817426<br><a href=\"mailto:thomas.roedel@hs-merseburg.de\">thomas.roedel@hs-merseburg.de<\/a><\/td><td><img loading=\"lazy\" decoding=\"async\" width=\"100\" height=\"135\" class=\"wp-image-3385\" style=\"width: 100px;\" src=\"https:\/\/www.wggselb.de\/wp\/wp-content\/uploads\/2021\/11\/elternbeirat-roedel.jpg\" alt=\"\"><\/td><\/tr><tr><td>Joachim <strong>Seidel<\/strong><br><em>Vertreter Schulforum<br>6. bis 9. Jahrgangsstufe<\/em><\/td><td>Jahnstra\u00dfe 8<br>95100 Selb<br>0171\/5302494<br><a href=\"mailto:joachim@seidel-family.de\">joachim@seidel-family.de<\/a><\/td><td><img loading=\"lazy\" decoding=\"async\" width=\"100\" height=\"102\" class=\"wp-image-4153\" style=\"width: 100px;\" src=\"https:\/\/www.wggselb.de\/wp\/wp-content\/uploads\/2022\/11\/elternbeirat-seidel.jpg\" alt=\"\"><\/td><\/tr><\/tbody><\/table><\/figure>\n\n\n\n<h2 class=\"wp-block-heading\">Wahl des Elternbeirats<\/h2>\n\n\n\n<p>Der Elternbeirat besteht aus 12 Mitgliedern und den Ersatzmitgliedern und wird von den Eltern f\u00fcr eine Amtszeit von 2 Jahren gew\u00e4hlt. Falls eines der Mitglieder sein Amt nicht mehr ausf\u00fchren kann, r\u00fcckt ein Ersatzmitglied nach.<\/p>\n\n\n\n<figure class=\"wp-block-image size-full\"><img loading=\"lazy\" decoding=\"async\" width=\"1600\" height=\"942\" src=\"https:\/\/www.wggselb.de\/wp\/wp-content\/uploads\/2025\/04\/2025-04-22-elternbeirat.jpg\" alt=\"\" class=\"wp-image-6252\" srcset=\"https:\/\/www.wggselb.de\/wp\/wp-content\/uploads\/2025\/04\/2025-04-22-elternbeirat.jpg 1600w, https:\/\/www.wggselb.de\/wp\/wp-content\/uploads\/2025\/04\/2025-04-22-elternbeirat-300x177.jpg 300w, https:\/\/www.wggselb.de\/wp\/wp-content\/uploads\/2025\/04\/2025-04-22-elternbeirat-768x452.jpg 768w, https:\/\/www.wggselb.de\/wp\/wp-content\/uploads\/2025\/04\/2025-04-22-elternbeirat-1536x904.jpg 1536w\" sizes=\"auto, (max-width: 1600px) 100vw, 1600px\" \/><figcaption class=\"wp-element-caption\">Der Elternbeirat im April 2025<\/figcaption><\/figure>\n","protected":false},"excerpt":{"rendered":"<p>Der Elternbeirat ist die Vertretung der Gesamtheit der Erziehungsberechtigten sowie der Eltern vollj\u00e4hriger Sch\u00fcler. Die Aufgaben des Elternbeirats bestehen in der Erf\u00fcllung der Informations- und &hellip; <\/p>\n","protected":false},"author":2,"featured_media":0,"parent":326,"menu_order":0,"comment_status":"closed","ping_status":"closed","template":"","meta":{"_mc_calendar":[],"footnotes":""},"tags":[],"class_list":["post-369","page","type-page","status-publish","hentry"],"_links":{"self":[{"href":"https:\/\/www.wggselb.de\/wp\/wp-json\/wp\/v2\/pages\/369","targetHints":{"allow":["GET"]}}],"collection":[{"href":"https:\/\/www.wggselb.de\/wp\/wp-json\/wp\/v2\/pages"}],"about":[{"href":"https:\/\/www.wggselb.de\/wp\/wp-json\/wp\/v2\/types\/page"}],"author":[{"embeddable":true,"href":"https:\/\/www.wggselb.de\/wp\/wp-json\/wp\/v2\/users\/2"}],"replies":[{"embeddable":true,"href":"https:\/\/www.wggselb.de\/wp\/wp-json\/wp\/v2\/comments?post=369"}],"version-history":[{"count":55,"href":"https:\/\/www.wggselb.de\/wp\/wp-json\/wp\/v2\/pages\/369\/revisions"}],"predecessor-version":[{"id":6737,"href":"https:\/\/www.wggselb.de\/wp\/wp-json\/wp\/v2\/pages\/369\/revisions\/6737"}],"up":[{"embeddable":true,"href":"https:\/\/www.wggselb.de\/wp\/wp-json\/wp\/v2\/pages\/326"}],"wp:attachment":[{"href":"https:\/\/www.wggselb.de\/wp\/wp-json\/wp\/v2\/media?parent=369"}],"wp:term":[{"taxonomy":"post_tag","embeddable":true,"href":"https:\/\/www.wggselb.de\/wp\/wp-json\/wp\/v2\/tags?post=369"}],"curies":[{"name":"wp","href":"https:\/\/api.w.org\/{rel}","templated":true}]}}

<p>Der Elternbeirat ist die Vertretung der Gesamtheit der Erziehungsberechtigten sowie der Eltern volljähriger Schüler.</p>



<p>Die Aufgaben des Elternbeirats bestehen in der Erfüllung der Informations- und Beratungspflicht gegenüber den Eltern und der Wahrnehmung der Mitwirkungsrechte am Schulgeschehen, um das Klima zwischen Eltern und Schule zu fördern.</p>



<p>Sie erreichen den Elternbeirat unter der Email-Adresse <a href="mailto:elternbeirat@wggselb.de">elternbeirat@wggselb.de</a>.</p>



<p>Das WGG ist Mitglied bei der Landes-Eltern-Vereinigung (LEV) der Gymnasien in Bayern. Wir laden Sie herzlich ein, deren Homepage zu besuchen: <a href="https://www.lev-gym-bayern.de">https://www.lev-gym-bayern.de</a></p>



<h2 class="wp-block-heading">Mitglieder des Elternbeirats</h2>



<p>Die Mitglieder des Elternbeirats haben sich die einzelnen Jahrgangsstufen aufgeteilt, so dass Sie anhand der Tabelle die jeweiligen Ansprechpartner herausfinden können.</p>



<figure class="wp-block-table is-style-stripes"><table><tbody><tr><td><strong>Name</strong></td><td><strong>Kontakt</strong></td><td><strong>Foto</strong></td></tr><tr><td>Dr. Sabine <strong>Kob</strong><br><em>1. Vorsitzende<br>Vertreterin Schulforum</em><br><em>5. und 7. Jahrgangsstufe</em></td><td>Zeppelinstr. 47<br>95100 Selb<br>09287/9199656<br>0175/3350610<br><a href="mailto:skob@musarion.com">skob@musarion.com</a></td><td><img loading="lazy" decoding="async" width="100" height="125" class="wp-image-5852" style="width: 100px;" src="https://www.wggselb.de/wp/wp-content/uploads/2024/11/elternbeirat-kob.jpg" alt=""></td></tr><tr><td>Angela <strong>Nendza</strong><br><em>2. Vorsitzende<br>5., 7., 8., 11. Jahrgangsstufe</em></td><td>Teichweg 23<br>95100 Selb<br>0160/7520848<br><a href="mailto:angela_nendza@gmx.de">angela_nendza@gmx.de</a></td><td><img loading="lazy" decoding="async" width="100" height="152" class="wp-image-5854" style="width: 100px;" src="https://www.wggselb.de/wp/wp-content/uploads/2024/11/elternbeirat-nendza.jpg" alt=""></td></tr><tr><td>Marlene <strong>Bachmann</strong><br>6<em>. Jahrgangsstufe</em></td><td>Häusellohweg 27<br>95100 Selb<br>09287/9528120<br><a href="mailto:marleneschoedel@web.de">marleneschoedel@web.de</a></td><td><img loading="lazy" decoding="async" width="100" height="117" class="wp-image-5851" style="width: 100px;" src="https://www.wggselb.de/wp/wp-content/uploads/2024/11/elternbeirat-bachmann.jpg" alt=""></td></tr><tr><td>Sandra <strong>Körber</strong><br><em>10., 12. Jahrgangsstufe</em></td><td>Schneebergstr. 17<br>95173 Schönwald<br>0171/3104454<br><a href="mailto:sandra.koerber@icloud.com">sandra.koerber@icloud.com</a></td><td><img loading="lazy" decoding="async" width="100" height="117" class="wp-image-5853" style="width: 100px;" src="https://www.wggselb.de/wp/wp-content/uploads/2024/11/elternbeirat-koeber.jpg" alt=""></td></tr><tr><td>Lenka <strong>Krizova</strong><br><em>10. Jahrgangsstufe</em></td><td>Reuthbergsiedlung 15<br>95100 Selb<br>09637/92789<br>+420603252087<br><a href="mailto:ing.lenka@seznam.cz">ing.lenka@seznam.cz</a></td><td><img loading="lazy" decoding="async" width="100" height="120" class="wp-image-5899" style="width: 100px;" src="https://www.wggselb.de/wp/wp-content/uploads/2025/01/elternbeirat-krizova.jpg" alt=""></td></tr><tr><td>Matthias <strong>Müller</strong><br><em>Vertreter Schulforum<br>9., 11., 12. Jahrgangsstufe</em></td><td>Försterstraße 48<br>95100 Selb<br>0170/2325960<br><a href="mailto:matthias-mueller@bnhof.de">matthias-mueller@bnhof.de</a></td><td><img loading="lazy" decoding="async" width="100" height="122" class="wp-image-4323" style="width: 100px;" src="https://www.wggselb.de/wp/wp-content/uploads/2023/01/elternbeirat-mueller.jpg" alt=""></td></tr><tr><td>Dr. Roman <strong>Pausch</strong><br><em>9. Jahrgangsstufe</em></td><td>Försterstr. 30a<br>95100 Selb<br>09287/889912<br><a href="mailto:roman.pausch@me.com">roman.pausch@me.com</a></td><td><img loading="lazy" decoding="async" width="100" height="151" class="wp-image-803" style="width: 100px;" src="https://www.wggselb.de/wp/wp-content/uploads/2019/08/elternbeirat-pausch.jpg" alt=""></td></tr><tr><td>Prof. Dr. Thomas <strong>Rödel</strong><br><em>6., 9. und 13. Jahrgangsstufe</em></td><td>Vogtlandstraße 29<br>95111 Rehau<br>0179/8817426<br><a href="mailto:thomas.roedel@hs-merseburg.de">thomas.roedel@hs-merseburg.de</a></td><td><img loading="lazy" decoding="async" width="100" height="135" class="wp-image-3385" style="width: 100px;" src="https://www.wggselb.de/wp/wp-content/uploads/2021/11/elternbeirat-roedel.jpg" alt=""></td></tr><tr><td>Joachim <strong>Seidel</strong><br><em>Vertreter Schulforum<br>6. bis 9. Jahrgangsstufe</em></td><td>Jahnstraße 8<br>95100 Selb<br>0171/5302494<br><a href="mailto:joachim@seidel-family.de">joachim@seidel-family.de</a></td><td><img loading="lazy" decoding="async" width="100" height="102" class="wp-image-4153" style="width: 100px;" src="https://www.wggselb.de/wp/wp-content/uploads/2022/11/elternbeirat-seidel.jpg" alt=""></td></tr></tbody></table></figure>



<h2 class="wp-block-heading">Wahl des Elternbeirats</h2>



<p>Der Elternbeirat besteht aus 12 Mitgliedern und den Ersatzmitgliedern und wird von den Eltern für eine Amtszeit von 2 Jahren gewählt. Falls eines der Mitglieder sein Amt nicht mehr ausführen kann, rückt ein Ersatzmitglied nach.</p>



<figure class="wp-block-image size-full"><img loading="lazy" decoding="async" width="1600" height="942" src="https://www.wggselb.de/wp/wp-content/uploads/2025/04/2025-04-22-elternbeirat.jpg" alt="" class="wp-image-6252" srcset="https://www.wggselb.de/wp/wp-content/uploads/2025/04/2025-04-22-elternbeirat.jpg 1600w, https://www.wggselb.de/wp/wp-content/uploads/2025/04/2025-04-22-elternbeirat-300x177.jpg 300w, https://www.wggselb.de/wp/wp-content/uploads/2025/04/2025-04-22-elternbeirat-768x452.jpg 768w, https://www.wggselb.de/wp/wp-content/uploads/2025/04/2025-04-22-elternbeirat-1536x904.jpg 1536w" sizes="auto, (max-width: 1600px) 100vw, 1600px" /><figcaption class="wp-element-caption">Der Elternbeirat im April 2025</figcaption></figure>

<p>Der Elternbeirat ist die Vertretung der Gesamtheit der Erziehungsberechtigten sowie der Eltern volljähriger Schüler. Die Aufgaben des Elternbeirats bestehen in der Erfüllung der Informations- und &hellip; </p>
